 - 4*p + 9. Let r(c) = f*m(c) - 2*z(c). Let u = -10 + 4. Determine r(u).
5
Let u be ((-105)/(-108) - (-30)/(-135))*1*4. Let x(n) be the second derivative of -n**3/6 + 2*n**2 + n. Determine x(u).
1
Let m(f) = 16*f - 33. Let o(y) = 15*y - 29. Let q(g) = -5*m(g) + 6*o(g). Determine q(4).
31
Let h(n) = -5 - 2*n - 11 - 7 + 5. Give h(-8).
-2
Suppose -2 + 25 = -u. Let i = -18 - u. Let z(o) = 9*o**3 + 23*o**2 - 25*o + 3. Let r(q) = -5*q**3 - 12*q**2 + 13*q - 1. Let c(l) = 11*r(l) + 6*z(l). Give c(i).
-3
Let o(w) = -w + 11. Let j = -12 - -40. Let d = -19 + j. What is o(d)?
2
Let p be 1/(-2) + 18/(-4). Let s = -9 + 4. Let l(t) = 3*t**2 - 9*t + 19. Let v(w) = w**2 - 4*w + 9. Let k(c) = s*v(c) + 2*l(c). Determine k(p).
8
Suppose 0 = -2*b - n - 11, -4*b + 7 = -5*n + 36. Let o(a) = -7*a**2 + a + 3. Let s(v) = -8*v**2 + v + 3. Let r(m) = b*s(m) + 7*o(m). What is r(4)?
-9
Suppose 3*a - 12 = 4*w, -4*a + 6*w - 5*w = -29. Let c(i) = i**3 - 9*i**2 + 7*i + 5. Give c(a).
-3
Let m(k) = k**2 - 7*k - 1. Suppose 0 = -j - 4*b + b - 3, -5*j + b = -17. Let o be (j - (-150)/(-54)) + (-104)/(-18). What is m(o)?
-7
Let y(g) = -19 - 4*g**2 + 3*g**2 - 12 - 2*g - 6 + 36. Suppose -8 = -4*k - z, -k - 5*z + 2*z - 9 = 0. Determine y(k).
-16
Let q(l) = l**3 + 7*l**2 + 6. Suppose -33*u + 413 = -92*u. Calculate q(u).
6
Let g(q) = q**3 - q**2 + 2*q - 1. Let j(o) = -o**2 - 3*o + 20. Let x be j(-6). Suppose b - 4*b + 3*f = -3, 5*f = -2*b + x. Give g(b).
1
Let m(n) = -7*n**2 + 11*n. Let y(p) = -2*p**2 + p + 2. Let v(l) = m(l) - 4*y(l). Give v(-10).
22
Let n(j) = -10*j - 15. Let h(l) = 8*l + 12. Let w(c) = -4*h(c) - 3*n(c). Determine w(6).
-15
Let a(t) = t**3 - 3*t**2 - 5*t. Let n = -21 - -15. Let m be (-12)/(-36) + 176/n. Let c = m - -33. What is a(c)?
-4
Let q(t) = -3*t**3 + 7*t**2 + 15. Let j(b) be the first derivative of b**4/4 - b**3 - 7*b + 7. Let d(s) = -5*j(s) - 2*q(s). Calculate d(0).
5
Suppose 2*z - 5*x - 7 = -8*x, -2*z - 2*x + 8 = 0. Let u(q) = q**3 - 5*q**2 + 3*q - 8. Determine u(z).
7
Let q(g) be the first derivative of 3*g**4/2 + 2*g**3/3 - g**2 + g - 2. Let h = 2 - -3. Suppose -2*r = -2*j - 5 + 1, -h*j + r + 2 = 0. What is q(j)?
7
Let t(u) = 7*u + 1. Let z = 20 - 19. Let k be t(z). Let f(c) = -c**2 + 5*c + 37 - k - 18 - 8. What is f(5)?
3
Let u be 18/(-12)*6 + 8. Let i(x) = -x**3 + 2*x**2 + x - 1. What is i(u)?
1
Let q = -20 + 14. Let r be (q/(-5))/((-4)/(-30)). Let w(i) = 7 + i**2 + 2*i**2 - r*i**2 + 7*i**2 - 6*i. Determine w(5).
2
Suppose 24 = 3*a + 4*d, -3*a + 4*d = 6*d - 18. Suppose 0*j + 16 = -a*o + 4*j, 2*o = -2*j + 4. Let x(k) = 6*k. Determine x(o).
-6
Suppose 131 = 7*c - 450. Let j = c - 81. Let x(n) = -n**2 + 3*n + 1. What is x(j)?
3
Let r(v) = 3*v**2 + 2*v + 18. Let s(p) = 2*p**2 + 3*p + 17. Let t(f) = 3*r(f) - 4*s(f). Let a be t(8). Let y(m) = m + 1. Determine y(a).
3
Let p(t) = 1. Let r(z) = 2. Let l(j) = 11*p(j) - 6*r(j). Let w(f) = f + 7. Let h(s) = -3*l(s) + w(s). Give h(-7).
3
Let o(i) = 2*i**2 + i - 1. Let w be o(1). Let c(b) = -4*b**2 - 9*b - 6. Let g(a) = -a**2 - a - 1. Let h(x) = -c(x) + 6*g(x). Give h(w).
-2
Suppose 0*g = -3*g. Suppose 15 = 3*f - g*f. Let y(o) be the second derivative of o**4/6 - 4*o**3/3 + 5*o**2/2 - 3*o. Calculate y(f).
15
Let l(r) be the third derivative of r**6/60 + r**4/24 - 5*r**2. Let k be l(1). Let j(b) = 9 - k - 1 + b. Determine j(-4).
1
Let n(q) = -2*q + q + 2*q - 4. Let a be n(4). Suppose -3*h + a - 9 = 0. Let s(t) = t**2 + 7*t + 4. Determine s(h).
-8
Let n(i) = -i - 4 + 3*i + 3. Suppose 4*u = 4*b, -39*b + 36*b = 9. What is n(u)?
-7
Let y(d) = -d**3 + 4*d**2 - d - 5. Suppose -z = -0*z - 3*n - 7, 5*z + 2*n - 1 = 0. Let l be z + -3 - (-30)/5. What is y(l)?
-9
Let u = 279 - 275. Let s(k) = -k**2 + 2*k - 5. What is s(u)?
-13
Let f(c) be the third derivative of -2*c**5/15 + c**3/6 - 4272*c**2. Suppose -4 = -0*o - 4*o. Give f(o).
-7
Let h(v) = 6*v + 18. Let o(m) = m**2 - 22*m + 35. Let y be o(20). Give h(y).
-12
Let c(p) = -p**3 + 6*p**2 - 2*p + 5. Let w be c(5). Let l be (45/w)/((-6)/16). Let r(t) = -2*t - 9. Let j be r(l). Let v(q) = -q + 1. Determine v(j).
-2
Let b be (-42)/4*2/(-3). Let w(q) be the first derivative of q**3/3 - 5*q**2/2 - 4*q + 948. What is w(b)?
10
Let n(f) = -4*f + 8*f - 14*f - 3*f. Calculate n(-2).
26
Let a(t) = 1. Let p(c) be the second derivative of c**3/6 - 5*c**2/2 + 10*c. Let o(v) = -20*a(v) - 5*p(v). Calculate o(-4).
25
Suppose 65 - 1 = 16*k. Let z(g) = 2*g - 11. What is z(k)?
-3
Let d be (-1 + (5 - 2))/1. Let a(u) = -u**3 + 4*u**2 - 2*u - 1. Let c be a(d). Let l(n) = 0 + 0 + 4*n + 4*n**2 + c + 1 + n**3. Calculate l(-4).
-12
Let c(h) = -h**2 + 2*h - 1. Suppose 0 = -q - 4*k + 6, 62*q + k + 24 = 66*q. Determine c(q).
-25
Suppose 164 = -3*m + 2. Let z = 56 + m. Let u(h) = -2*h + 3. Calculate u(z).
-1
Let i(g) = 5 - 1 - 9 + 4 + 3*g. Let a(p) = p + 1. Let u(n) = 4*a(n) - i(n). Let v(r) = -r**3 - 16*r**2 - 15*r - 5. Let m be v(-15). Determine u(m).
0
Let m(j) = -3*j + 3. Let l = 8 + -9. Let z be l - (2/(-1) + -1). Let w be m(z). Let i(r) = 3*r + 4. Give i(w).
-5
Let o(j) = -5*j - 4. Let s(h) = 2*h**2 - 39*h - 22. Let t be s(20). Determine o(t).
6
Let z(d) be the second derivative of d**5/20 + d**4/4 + d**3/6 - d**2/2 - 254*d + 2. Suppose 5*m - 3*m - 5*c + 24 = 0, 4*c = 3*m + 22. Give z(m).
1
Let x be (-2)/8 - 13/(-4). Let d(i) = 2*i - x + 0*i - 1. Let m be (-102)/(-12) - (-20)/(-8). Give d(m).
8
Let a(d) = 2 - 3*d**2 - 3*d**2 + 9*d**2 + 3 - 4*d**2. What is a(0)?
5
Let j = -142 + 142. Let q(f) = f**3 - 2*f + 2. Determine q(j).
2
Let s(v) = 13*v - 10. Let b(q) = 22*q - 20. Let f(l) = 3*b(l) - 5*s(l). Determine f(13).
3
Let o(s) = -s - 1. Let l be o(0). Suppose 0 = -h - 3*d + 11, 0*h = 3*h - 2*d. Let j(c) = c**3 + c - c**h + 3*c - 5*c + 8 - 9. What is j(l)?
-2
Suppose -4*w = -4*l + 15 + 21, -w = -1. Let t(m) = -m**3 + 11*m**2 - 10*m - 13. Determine t(l).
-13
Let x(t) be the first derivative of 0*t + 3/8*t**4 + 2/3*t**3 + 1/60*t**5 + 0*t**2 - 7. Let w(a) be the third derivative of x(a). What is w(-6)?
-3
Let j be 8/(8/((-16)/(-4))). Let a be j/(-26) + (-10)/52*46. Let w(o) = o**3 + 10*o**2 + 8*o - 5. Determine w(a).
4
Let z(m) be the first derivative of -m**3/3 + 7*m**2/2 - 3*m - 10. Let h(o) = -2*o**2 + 13*o - 7. Let n(b) = -3*h(b) + 5*z(b). Give n(4).
6
Let g(c) = c**2 - 1. Let f = 15 - 7. Suppose -4*t - 2 - f = -2*k, 2*t + 5*k = 1. Let a be g(t). Let d(l) = -l**2 - l + 4. Calculate d(a).
-8
Let l be (-2 + 20/8)*0. Suppose 3*t = 3*g, -5*g + 15 = -10*g + 2*t. Let n = g + l. Let q(v) = -v**2 - 8*v - 7. What is q(n)?
8
Let j = -416 + 417. Let t(s) = -14*s + 7*s + 6*s. Determine t(j).
-1
Let v(r) = 16*r**3 + 5*r**2 + 16*r - 5. Let w(t) = -3*t**3 - t**2 - 3*t + 1. Let n(y) = -2*v(y) - 11*w(y). Let b be -1*((0 - 0)/(-4) - 0). Give n(b).
-1
Let l(t) = -t**3 - 13*t**2 + 12*t - 25. Let d be l(-14). Let y(q) = 4 + 9*q**2 - 5 + q**d + q**2 - 2*q**2. Calculate y(-8).
-1
Let o(z) = -z**3 - 3*z**2 + 6*z + 2. Suppose -2*w + 1 = 9. Give o(w).
-6
Suppose 2*f - 8 = -f - 5*b, -26 = -5*f - 2*b. Let d = 8 - f. Suppose d*i + 4*n - 12 = 0, -5*i - 11 = -3*n - 2. Let j(q) = -q**3. Determine j(i).
0
Let x(t) = t**3 - 2*t + 2*t**2 - 2 + 2*t + 2*t. Suppose -23*w + 24*w + 60 = -29*w. Determine x(w).
-6
Let d(f) = 4. Let n(z) = -z + 38. Let t(i) = 6*d(i) - n(i). Determine t(15).
1
Let b(v) = -588*v + 587*v - 1 + 4 + 3 + 1. Calculate b(11).
-4
Let w(z) be the first derivative of z**5/20 + z**3/6 + z**2/2 - 3*z - 24. Let c(f) be the first derivative of w(f). Determine c(0).
1
Let q(o) = -3*o**2 + 5*o - 11. Let s(n) = 3*n + n - 3*n**2 - 3*n + 2*n**2. Let w(b) = -q(b) + 4*s(b). Suppose -5*z - 4*a = -4*z, z = -a. Give w(z).
11
Suppose -2*o = -3*w + 6, -o + 14 = 5*w - 9. Let z(d) = 7 - d**3 + 5*d**2 - 8*d**o - 2*d + 8*d**3. Give z(5).
-3
Let t(h) = -11*h + 8. Let c = -1 - 4. Let q(r) = 5*r - 4. Let i(m) = c*q(m) - 2*t(m). Determine i(3).
-5
Let y(x) = -x**2 - 7*x + 4. Let a = 17 - -7. Suppose 3*z - 3 + a = 0. Determine y(z).
4
Let c(w) = -5*w**2 + 29*w + 14. Let d = 53 - 49. Let m(l) = 3*l**2 - 15*l - 7. Let j(f) = d*c(f) + 7*m(f). Give j(-10).
-3
Let m(k) = k**2 - 6. Let s be 21/77 - (-52)/33*3. Determine m(s).
19
Let y(d) = -29*d + 25. Let v be 32/(-48) + (8/(-6) - 2). Let l(n) = -10*n + 9. Let m(o) = v*y(o) + 11*l(o). What is m(2)?
11
Let 